 - -107?
75
In base 15, what is 2 + 23?
25
In base 8, what is 0 - -47?
47
In base 10, what is -3445 - 4?
-3449
In base 11, what is -80 - -27?
-54
In base 16, what is -5f - 2?
-61
In base 6, what is -14 - 240?
-254
In base 4, what is 11 - -1031?
1102
In base 14, what is -5 - 10?
-15
In base 8, what is -1344 - 2?
-1346
In base 9, what is 4 + 88?
103
In base 16, what is -a6 + 34?
-72
In base 15, what is 2 - -bd?
c0
In base 6, what is 22545 + -3?
22542
In base 8, what is -150 - 1?
-151
In base 3, what is -102 - -202?
100
In base 3, what is 102 + -100000?
-22121
In base 9, what is -31 - -6?
-24
In base 9, what is -3 - 71?
-74
In base 5, what is -2 + -1102?
-1104
In base 5, what is 24 - -302?
331
In base 16, what is 1 - -15?
16
In base 4, what is 10 + 1213211?
1213221
In base 14, what is -4a7 - 2?
-4a9
In base 8, what is 40 - -32?
72
In base 3, what is 1211 + 11?
1222
In base 7, what is -40 + 63?
23
In base 15, what is -13 + -8?
-1b
In base 3, what is 1012020 - -21?
1012111
In base 16, what is -2 + -1333?
-1335
In base 11, what is -56 + -1?
-57
In base 11, what is 9 + -11?
-3
In base 3, what is -211010 + 10?
-211000
In base 2, what is -10 + -100010?
-100100
In base 2, what is -1111011110 + -101?
-1111100011
In base 10, what is -22 + -2?
-24
In base 5, what is -211 - 2114?
-2330
In base 16, what is -37 - 5?
-3c
In base 15, what is -bab - -5?
-ba6
In base 11, what is 8 - 727?
-71a
In base 9, what is -3 - -166?
163
In base 13, what is 3700 + -3?
36ca
In base 3, what is 221 + -1022020?
-1021022
In base 16, what is 1e - 6?
18
In base 13, what is 3 + -3b?
-38
In base 10, what is 4 + 16?
20
In base 13, what is 22 + c?
31
In base 9, what is -3 + 5?
2
In base 3, what is -12 - -102201001?
102200212
In base 8, what is 3764 + 3?
3767
In base 4, what is 0 - 213?
-213
In base 15, what is 5 + -16?
-11
In base 6, what is 122 + -5?
113
In base 13, what is 0 - 12a?
-12a
In base 3, what is -100 + -20112?
-20212
In base 2, what is 11011 + 1?
11100
In base 3, what is 1110000102 + -2?
1110000100
In base 2, what is -1000 + 10101?
1101
In base 16, what is -5 + -d4?
-d9
In base 9, what is 1 - 2426?
-2425
In base 14, what is -1c + -178?
-196
In base 13, what is -12 - -88c?
87a
In base 2, what is 1 + 11010101111?
11010110000
In base 9, what is -257 - 22?
-280
In base 13, what is 2 - 21c?
-21a
In base 7, what is 236 - 63?
143
In base 14, what is 2 - 341?
-33d
In base 3, what is -10 - 10001?
-10011
In base 12, what is -4 - -1522?
151a
In base 13, what is 4089 + 4?
4090
In base 4, what is 130 - 200?
-10
In base 9, what is 1161 + -1?
1160
In base 6, what is 2 + -1011?
-1005
In base 14, what is -82 + 11?
-71
In base 2, what is -11011011 - -1?
-11011010
In base 16, what is -4f + -13?
-62
In base 2, what is -101110 + 101101?
-1
In base 2, what is 0 + -11111010111?
-11111010111
In base 11, what is 0 - 183?
-183
In base 6, what is 1 + -341?
-340
In base 5, what is 1304 - 0?
1304
In base 15, what is -38 - -6?
-32
In base 16, what is 1 - 57?
-56
In base 13, what is 4 - -6c8?
6cc
In base 15, what is 5 + 27e?
284
In base 7, what is -4 + -2501?
-2505
In base 12, what is -2 + -82?
-84
In base 3, what is -21 + 101?
10
In base 13, what is 18 + 43?
5b
In base 11, what is 157 + -4?
153
In base 2, what is -110110111 - 10000?
-111000111
In base 7, what is 13 - -1?
14
In base 8, what is 5567 + -3?
5564
In base 12, what is 446 - -8?
452
In base 11, what is 0 + -42?
-42
In base 16, what is -d3 + -10?
-e3
In base 14, what is 1ba2 + -2?
1ba0
In base 15, what is 68e + -b?
683
In base 3, what is -1220 - -11?
-1202
In base 7, what is -4 + 36451?
36444
In base 15, what is -3 - 103?
-106
In base 13, what is 2a + -19?
11
In base 9, what is -54325 - -1?
-54324
In base 14, what is -44 + 35?
-d
In base 2, what is 110 - 1100011?
-1011101
In base 7, what is -3515 + 5?
-3510
In base 7, what is 120 - -3?
123
In base 9, what is 37 + 41?
78
In base 10, what is -4 + -132?
-136
In base 3, what is -1 + -2011?
-2012
In base 14, what is -70 + 5?
-69
In base 8, what is -22161 - -3?
-22156
In base 13, what is -3ac + -4?
-3b3
In base 6, what is -21132 + -3?
-21135
In base 10, what is -62 + -3?
-65
In base 11, what is 14585 - 3?
14582
In base 11, what is -1a37 + 0?
-1a37
In base 9, what is 331 + -23?
307
In base 14, what is 3d9 - 7?
3d2
In base 16, what is -30e4 + 1?
-30e3
In base 10, what is 3 + 5?
8
In base 15, what is 31 + 23?
54
In base 4, what is 1202 + 10?
1212
In base 6, what is 114 - 142?
-24
In base 10, what is -23 - 8?
-31
In base 7, what is -302 + 345?
43
In base 14, what is -d2 - 0?
-d2
In base 16, what is -8 - -718?
710
In base 2, what is -1010 - 10110?
-100000
In base 5, what is -23 - 1401?
-1424
In base 11, what is 5 - 29a?
-295
In base 2, what is -1100 - 1110000?
-1111100
In base 6, what is -2012 + 5?
-2003
In base 3, what is -1 + -11010?
-11011
In base 3, what is -2 - -1210021?
1210012
In base 13, what is -1c - 11?
-30
In base 15, what is 1d + -14?
9
In base 3, what is 21222 - -102?
22101
In base 11, what is 4 + -7a7?
-7a3
In base 9, what is 384 + -1?
383
In base 9, what is -814 + 10?
-804
In base 12, what is 4 - 603?
-5bb
In base 15, what is 3a2d - 5?
3a28
In base 10, what is -2 + 10?
8
In base 9, what is 13883 + -4?
13878
In base 2, what is -10101010100 - -10?
-10101010010
In base 2, what is 11111010000 - 11?
11111001101
In base 5, what is -230 - 0?
-230
In base 3, what is -201102 - -10?
-201022
In base 9, what is 2 - -225?
227
In base 12, what is 227 - 1?
226
In base 11, what is 980 - 2?
979
In base 9, what is 6 + 4858?
4865
In base 16, what is 2d - 4?
29
In base 13, what is -16 - -2a?
14
In base 11, what is -167 - -3?
-164
In base 6, what is -125 - 3?
-132
In base 15, what is -4 + 2b3?
2ae
In base 13, what is c8 + 4?
cc
In base 2, what is 10101100 - 10?
10101010
In base 15, what is 37 + 10?
47
In base 3, what is 1 + 222?
1000
In base 7, what is -12 + 6?
-3
In base 15, what is -4b - 1?
-4c
In base 9, what is -647 + -2?
-650
In base 9, what is -1 + -26?
-27
In base 8, what is 5 + 116?
123
In base 14, what is -4 + b1?
ab
In base 13, what is 4 - 2a5?
-2a1
In base 2, what is -10 - 111111110?
-1000000000
In base 4, what is 21333 + 2?
22001
In base 12, what is -369a + 4?
-3696
In base 5, what is -4 + -2314?
-2323
In base 9, what is 35 - -116?
152
In base 5, what is -1 - -31201?
31200
In base 2, what is 10 - 1?
1
In base 14, what is -6 - -33?
2b
In base 2, what is -111010 + 10001100?
1010010
In base 6, what is 54 + -3?
51
In base 16, what is 9a + 5?
9f
In base 7, what is 4 - -14122?
14126
In base 2, what is -10 + -1000011111111?
-1000100000001
In base 6, what is -410 + -43?
-453
In base 9, what is 3156 + 3?
3160
In base 5, what is 2 + -2032?
-2030
In base 8, what is -53 + -4?
-57
In base 12, what is 2 + -955?
-953
In base 8, what is -70 + 15?
-53
In base 2, what is -1 + -1101000011?
-1101000100
In base 4, what is -1332 - 3?
-2001
In base 16, what is -2 - a?
-c
In base 4, what is 3 + 1212121?
1212130
In base 6, what is 2013 + -35?
1534
In base 16, what is -3 - 26?
-29
In base 2, what is -100 - -11111?
11011
In base 4, what is 1 + -233?
-232
In base 2, what is 1101 - 110111?
-101010
In base 3, what is 112222022 + 2?
112222101
In base 6, what is 1 + -20450?
-20445
In base 13, what is 74 - -3?
77
In base 16, what is 29 + b?
34
In base 16, what is 1 + -18a5?
-18a4
In base 12, what is 8 - -4?
10
In base 12, what is -8 - 339?
-345
In base 12, what is 4 + 60?
64
In base 15, what is 1d8 + -5?
1d3
In base 3, what is 201 + 10112?
11020
In base 12, what is 14 - -6a6?
6ba
In base 3, what is 122000 - -12?
122012
In base 8, what is -5 - 10142?
-10147
In base 8, what is 3 - 234?
-231
In base 2, what is -101 + 10?
-11
In base 16, what is -1 - b?
-c
In base 12, what is -2b3 + -5?
-2b8
In base 7, what is 1 - 2123?
-2122
In base 12, what is 304 + -2?
302
In base 10, what is 135 + 0?
135
In base 10, what is -3 + -31?
-34
In base 6, what is -3 + -250?
-253
In base 13, what is 42 + -6?
39
In base 16, what is -3e6 - 6?
-3ec
In base 15, what is -4 + 0?
-4
In base 9, what is 3 + -1504?
-1501
In base 5, what is -3 - 22003?
-22011
In base 5, what is 3200 + 10?
3210
In base 3, what is 1111122 + 110?
1112002
In base 12, what is 1 - 0?
1
In base 11, what is 0 + -226?
-226
In base 4, what is -112 - -11?
-101
In base 8, what is 6 + 413?
42